1). Let p(q) = 3*q + 2. What are the prime factors of p(h)?
2
Suppose -2*f + 4*p = 2*p - 560, 4*p = -3*f + 833. What are the prime factors of f?
3, 31
Suppose 3*l - 882 = -c, 0 = 6*c - 2*c + 12. What are the prime factors of l?
5, 59
Let o = -1 - -2. Suppose o - 6 = -y. Suppose -16 = y*g - 91. List the prime factors of g.
3, 5
Suppose 2*q + 3*q + 10 = 0. Let p = 5 - q. Let r = p - -1. List the prime factors of r.
2
Suppose -5*g + 2*n = -730, 0 = 5*g - n - 2*n - 725. List the prime factors of g.
2, 37
Suppose h + 30 - 2 = -2*n, -3*n = 2*h + 40. Let j be (-184)/n + 1/(-2). Suppose -2*z - g + 39 = j, 0 = 2*z + 5*g - 36. What are the prime factors of z?
13
Let s be (-26)/(-10) + (-18)/30. Suppose 4*v = -2*w - s - 0, 3*w = -3*v + 9. What are the prime factors of w?
7
Suppose -5*y + 2*d = -236, 2*y + 2*y + 4*d - 172 = 0. What are the prime factors of y?
2, 23
Let c be 9/(-6)*4/6. Let i(v) = 17*v**3 - 9*v**2 - 5*v - 3. Let l(s) = 8*s**3 - 5*s**2 - 3*s - 2. Let o(k) = -3*i(k) + 5*l(k). List the prime factors of o(c).
2, 3
Suppose 2*o - 3*o + 6 = 4*l, -o + 3*l = -13. List the prime factors of o.
2, 5
Let f(n) = -3*n**2 - 3*n**3 - 2*n**2 + 2 + 4*n**3 - 6*n. Let x = 74 + -68. What are the prime factors of f(x)?
2
Let w(r) = -r**3 - 8*r**2 + 8*r - 1. Let d be w(-9). Suppose 5*q = 183 - d. List the prime factors of q.
5, 7
Let g be 248/14 + 2/7. Let f(i) = -10*i - 2. Let b be f(-2). List the prime factors of 112/g + (-4)/b.
2, 3
Suppose -5*q + 3*q + 14 = 0. Suppose f - 4 = q. List the prime factors of f.
11
Let q(m) = 3*m + 3. Let a be q(-3). List the prime factors of 52/6*(-9)/a.
13
Suppose z = -2*z + 12. Suppose 3*s - s + 8 = g, -4 = -3*g - z*s. Suppose -3*j + 33 = 3*b, -3*j - 2*j + g*b + 10 = 0. What are the prime factors of j?
2, 3
Suppose 3*b - 329 = -92. Suppose -b = -4*k + 45. What are the prime factors of k?
31
Let m = 15 + -8. Suppose 0 = -k + 3*t, -4*k - 2*t + 21 = -m*t. What are the prime factors of k?
3
Let m = 10 + -3. List the prime factors of m - ((-2)/2 + 2).
2, 3
Let t be 42/8 - 3/12. Let h(x) = 4*x + 4. Let b be h(t). Let v = b - 13. List the prime factors of v.
11
Let o be 1/(-3) + (-2)/(-6). Let i = 1 + 1. Suppose -p + 37 = i*a + 11, o = 4*a - 5*p - 38. What are the prime factors of a?
2, 3
Suppose 671 - 235 = 4*i. Suppose -i = -5*w - f, -3*w + 2*f + 55 = -0*w. Suppose 2*d = w + 3. List the prime factors of d.
2, 3
Let w = 134 + -90. List the prime factors of w.
2, 11
Suppose 0 = 4*g - 8 - 0. Let r = g - -2. List the prime factors of r.
2
Suppose 76 = -5*s + 246. List the prime factors of s.
2, 17
Let p(r) = -2*r - 6. Let x = 3 - 5. Let g = -11 - x. What are the prime factors of p(g)?
2, 3
Suppose -a - 2*a = -6. Suppose -41 = -k - a*u, 2*k - u - 62 = -0*u. Suppose -l = 2*w - 20, 5*l - 3 = 3*w - k. List the prime factors of w.
2, 5
Suppose -5*w + 413 = 3*d + 35, 0 = 5*w - 4*d - 406. What are the prime factors of w?
2, 3, 13
Let k(u) = u. Let a(z) = -2*z - 19. Let c(p) = -a(p) - 4*k(p). What are the prime factors of c(-16)?
3, 17
Let u = 15 + -3. Let n = 12 + u. What are the prime factors of n?
2, 3
Let g = -9 + 23. List the prime factors of g.
2, 7
Suppose -33 = r - 4*r. Let q = 19 - r. List the prime factors of q.
2
Let s(b) = b**3 + 6*b**2 + 2. Let y be s(-6). Suppose -6*o + y*o = -24. What are the prime factors of o?
2, 3
Let v(i) = -i**2 + 8*i - 9. Let p be v(6). Let o(h) = -3*h**2 + 0*h**3 - p*h - h - h**3. What are the prime factors of o(-3)?
2, 3
Let j(b) be the first derivative of 7*b**4/4 - b**3 - 1. Let k be j(2). What are the prime factors of 0/(-1) + k/4?
11
What are the prime factors of 4 + 0 + 48/3?
2, 5
Let p(y) = 5*y + 2. Let l be p(4). Suppose w - l = -w. List the prime factors of w.
11
List the prime factors of 20/110 - (-128)/22.
2, 3
Let r = -9 - -13. Suppose -12 = 4*n + r*s, 2*n = n + 4*s + 12. Suppose 0 = t - 3*g - 3, -2*g = -2*t - n*g + 10. List the prime factors of t.
2, 3
Suppose 0 = w - 4 - 3. Let p = -5 + w. List the prime factors of p.
2
Let n(g) be the second derivative of -g**2 - 1/12*g**4 + 4/3*g**3 - 3*g + 0. List the prime factors of n(3).
13
Suppose 0 = -3*b + 3*o - 31 + 154, 2*o - 2 = 0. List the prime factors of b.
2, 3, 7
Let m(j) = -j**2 - 8*j - 7. Let x be m(-5). Let z = 13 - x. Suppose r = 5, 4*p - 1 = 4*r - z. List the prime factors of p.
2
Let n(z) = -z**2 + 5*z + 2 + 0 - 2 + 5. What are the prime factors of n(5)?
5
Let j(o) = -o - 4. Let z(b) = -b**2 + 3*b - 3. Let k be z(2). Let a(d) = 7*d**3 - d**2 - d - 1. Let n be a(k). What are the prime factors of j(n)?
2
Let d(j) = j - 2. Let u be d(-2). Let y = 6 - u. List the prime factors of y.
2, 5
Let n be 5 + -2 + 0 + -71. List the prime factors of (n/(-10))/((-4)/(-10)).
17
Suppose -8 = 2*h, -3*u = -4*h - 8 + 19. Let c(v) = -v - 20. Let s be c(u). Let d = -7 - s. List the prime factors of d.
2
Suppose -5*r - r + 960 = 0. List the prime factors of r.
2, 5
Suppose 2*j + 3*v - 5*v = 2, -3*j = 4*v - 17. Suppose -j*t + 6*q - 3*q = -120, 4*t = -5*q + 142. Suppose -t = -4*b + 14. What are the prime factors of b?
13
Suppose 2*p = 6*p. Let s(d) = -d**2 - d. Let f be s(p). Suppose -w + 4*w - 36 = f. What are the prime factors of w?
2, 3
Let v(f) = -f**2 - 3*f - 3. Let m be v(-4). Let r = -3 - m. Suppose -5*a + r*a = 2*j - 5, 0 = j + 2*a - 4. List the prime factors of j.
2
Suppose j = -4*j + 15. Suppose 0 = -4*b + 3*o - 47, 3*b - j*o + 0*o + 36 = 0. What are the prime factors of -2 + (-2 + 1)*b?
3
Let q = 20 - 29. Let p = 15 + q. Let j = p - 2. List the prime factors of j.
2
Suppose -k - 11 = 2*i, 3*i - 5 - 11 = 5*k. Let h be (1/2)/(i/(-6)). List the prime factors of 1/h + (4 - 2).
3
Let y(f) = -f**3 + 7*f**2 + 8. Let w be y(7). Let x be 2/w - 14/(-8). Suppose -x*z + 3*k = -12, -4*k + 7*k + 18 = 4*z. What are the prime factors of z?
3
Let p = 3 - 6. List the prime factors of 3/(p/(-2)) - -7.
3
Let q(r) = r**2 - r + 4. Let w be q(0). Suppose 3*v = -2*g + 49, -3*v + v - 58 = -w*g. What are the prime factors of g?
17
Let d = -235 - -370. What are the prime factors of d?
3, 5
Let n = -452 - -323. Let a = 184 + n. List the prime factors of a.
5, 11
Suppose -g = 2*g - 207. Suppose 0 = -3*v + 3*a + 27, 3*v + 5 = -0*a - 5*a. Suppose -y = 3*z - 52 + 14, v*y - g = -4*z. List the prime factors of z.
11
Let c = -4 - -5. What are the prime factors of 46/6 + c/3?
2
Let v = 0 - 16. Let m = -51 - v. Let x = 52 + m. List the prime factors of x.
17
Suppose 4*a - 2*j = 8 + 14, j + 1 = 0. Suppose -a*x + 39 = -21. Suppose 3*w - 16 = -2*y, -4*y - x = -2*w - 3*w. List the prime factors of y.
2
Let n(c) = -3*c - 10. Let j be (64/(-12))/(-2)*-3. What are the prime factors of n(j)?
2, 7
Let w = -105 + 203. What are the prime factors of w?
2, 7
Let v(u) = u**2 + 5*u - 3. Let y be v(-6). Suppose 35 = z + 5*r, 0 = -2*z - 0*z + y*r + 18. List the prime factors of z.
3, 5
Suppose 69 = 4*s + 17. What are the prime factors of s?
13
Let o(h) be the second derivative of -h**3 + 5*h**2 - 5*h. What are the prime factors of o(-5)?
2, 5
Let w = -105 - -161. List the prime factors of w.
2, 7
Let d(c) = -c**2 - 7*c + 3. Let q be d(-7). Suppose q - 4 = -f. Suppose -w - 4*j + f = 0, -4*w = -3*j - 13 - 48. List the prime factors of w.
13
Let k = 40 + -17. Let j = k + -9. List the prime factors of j.
2, 7
Suppose 576 = -y + 10*y. List the prime factors of y.
2
Let p = 16 - 7. Let y = p + -10. Let m = y + 7. List the prime factors of m.
2, 3
Let w(k) = -k**3 - 26*k**2 + 22*k + 30. List the prime factors of w(-27).
3, 5, 11
Let a(p) = 1 + 6*p - p**3 - 7*p - 4*p**2 - 2*p. List the prime factors of a(-4).
13
Let t(y) = y**3 + 5*y**2 + 4*y + 1. Let a be t(-4). Let b = 2 - 1. List the prime factors of 8 + (a - b - 1).
7
Suppose -2*d + 3*d = 0. Let m = 2 - d. Suppose 0 = -4*x + m + 6. What are the prime factors of x?
2
Suppose -11*a = -14*a + 195. List the prime factors of a.
5, 13
Let m = -39 + 82. What are the prime factors of (1 - 2 - 0) + m?
2, 3, 7
Let n = -39 + 162. What are the prime factors of n?
3, 41
Let f(w) = -w**2 - w + 9. Suppose 13 = -4*a + 1, -5*n - 3 = a. List the prime factors of f(n).
3
Let f be (-4)/(-2) - 4*-1. List the prime factors of f + (-3 + 3)/3.
2, 3
Suppose f - 5*f + 48 = 0. List the prime factors of f.
2, 3
Suppose d + 4*i = 21, -46 - 11 = -5*d - 4*i. Let r = d + -13. Let l =